{"id":9,"date":"2021-01-25T13:11:58","date_gmt":"2021-01-25T13:11:58","guid":{"rendered":"http:\/\/www.varsanyirozmaring.hu\/?page_id=9"},"modified":"2023-07-28T11:07:07","modified_gmt":"2023-07-28T11:07:07","slug":"etterem","status":"publish","type":"page","link":"https:\/\/www.varsanyirozmaring.hu\/?page_id=9","title":{"rendered":"\u00c9tterem"},"content":{"rendered":"<p class=\"has-text-align-center\" style=\"text-align: center;\"><span style=\"font-family: 'book antiqua', palatino, serif; color: #000000;\">Kedves \u00c9rdekl\u0151d\u0151k!<\/span><\/p>\n<p style=\"text-align: left;\"><span style=\"font-family: 'book antiqua', palatino, serif; color: #000000;\">N\u00f3gr\u00e1d megye sz\u00edv\u00e9ben, csod\u00e1latos term\u00e9szeti k\u00f6rnyezetben, a m\u00faltat id\u00e9z\u0151 eml\u00e9kekkel, a helyi gasztron\u00f3mia k\u00fcl\u00f6nleges pal\u00f3c \u00edzeivel, az autentikus k\u00e9zm\u0171ves k\u00f6z\u00f6ss\u00e9g port\u00e9k\u00e1ival v\u00e1rja \u00d6n\u00f6ket Vars\u00e1nyban a Rozmaring \u00c9tterem.<\/span><\/p>\n<p><span style=\"font-family: 'book antiqua', palatino, serif; color: #000000;\">K\u00fcl\u00f6n\u00f6sen fontos \u00e9s jelent\u0151s\u00e9gteljes sz\u00e1munkra az Interakt\u00edv gasztron\u00f3miai oktat\u00f3 \u00e9s bemutat\u00f3 t\u00e9r a Rozmaring \u00c9tterem l\u00e9trej\u00f6tte, hiszen a 10 \u00e9ve m\u0171k\u00f6d\u0151 k\u00f6zfoglalkoztat\u00e1si program kimenete is egyben. <\/span><\/p>\n<p><span style=\"font-family: 'book antiqua', palatino, serif; color: #000000;\">J\u00f3l kieg\u00e9sz\u00edti a 2015-ben l\u00e9trehozott vars\u00e1nyi falugazdas\u00e1got. Munkahelyeket teremt, komoly szerepe van a vid\u00e9kfejleszt\u00e9sben, hozz\u00e1j\u00e1rul a fiatalok helyben tart\u00e1s\u00e1hoz az itt \u00e9l\u0151 emberek \u00e9letmin\u0151s\u00e9g\u00e9nek a jav\u00edt\u00e1s\u00e1hoz. R\u00e9gen v\u00e1rt, val\u00f3di, k\u00e9zzel foghat\u00f3 gazdas\u00e1gfejleszt\u00e9snek, a helyben megtermelt \u00e9lelmiszerek feldolgoz\u00e1s\u00e1nak \u00e9s felhaszn\u00e1l\u00e1s\u00e1nak lehet\u00fcnk az \u00e9lvez\u0151i. Mi komolyan gondoljuk, hogy az itt \u00e9l\u0151k \u00e9s a hozz\u00e1nk \u00e9rkez\u0151k pal\u00f3c vend\u00e9gszeretettel, falusi \u00edzekkel, meg\u00e9lt \u00e9s m\u00e9g \u00e9l\u0151 hagyom\u00e1nyokkal tal\u00e1lkozhatnak. Mert fontos az \u00f6r\u00f6ks\u00e9g, a l\u00e1ng tov\u00e1bbad\u00e1sa.<\/span><\/p>\n<p><span style=\"font-family: 'book antiqua', palatino, serif; color: #000000;\">Sokan \u00e9s sokat dolgoztunk az\u00e9rt, hogy meg\u00e9p\u00fclj\u00f6n Vars\u00e1ny jelenleg legszebb \u00e9s mindez id\u00e1ig legnagyobb beruh\u00e1z\u00e1sa.<\/span><\/p>\n<p><span style=\"font-family: 'book antiqua', palatino, serif; color: #000000;\">K\u00edv\u00e1nom, hogy telep\u00fcl\u00e9s\u00fcnk lak\u00f3i \u00e9s a hozz\u00e1nk l\u00e1togat\u00f3 kedves vend\u00e9gek sok kellemes \u00f3r\u00e1t t\u00f6ltsenek a pal\u00f3c n\u00e9pi \u00e9p\u00edt\u00e9szet st\u00edlusjegyeit mag\u00e1n hordoz\u00f3 Rozmaring \u00c9tteremben \u00e9s telep\u00fcl\u00e9s\u00fcnk valamennyi k\u00f6z\u00f6ss\u00e9gi ter\u00e9ben.\u00a0<\/span><\/p>\n<p><span style=\"font-family: 'book antiqua', palatino, serif; color: #000000;\">Szeretettel v\u00e1rjuk \u00d6n\u00f6ket, legyenek a vend\u00e9geink!<\/span><\/p>\n<p><span style=\"font-family: 'book antiqua', palatino, serif; color: #000000;\"><strong><em>Kany\u00f3 Judit<\/em><\/strong><\/span><\/p>\n<p><span style=\"font-family: 'book antiqua', palatino, serif; color: #000000;\"><em>Vars\u00e1ny k\u00f6zs\u00e9g polg\u00e1rmestere<\/em><\/span><\/p>\n<p class=\"has-text-align-center\" style=\"text-align: center;\"><span style=\"font-family: 'book antiqua', palatino, serif; color: #000000;\">Kedves Vend\u00e9geink!<\/span><\/p>\n<p>&nbsp;<\/p>\n<p><span style=\"font-family: 'book antiqua', palatino, serif; color: #000000;\">A vars\u00e1nyi Rozmaring \u00c9tterem csapata elk\u00f6telezett a hagyom\u00e1nyos pal\u00f3c \u00edzvil\u00e1g mellet. Arra t\u00f6reksz\u00fcnk, hogy a h\u00e1zias \u00edzeket \u00f6tv\u00f6zz\u00fck a modern konyham\u0171v\u00e9szettel. <\/span><\/p>\n<p><span style=\"font-family: 'book antiqua', palatino, serif; color: #000000;\">Tudjuk, hogy sok j\u00f3 \u00e9tel l\u00e9tezik, de mi azt valljuk, hogy csak megfelel\u0151 alapanyagokb\u00f3l \u00e9s felk\u00e9sz\u00fclt szakmai tud\u00e1ssal szabad azokat elk\u00e9sz\u00edteni! Az A\u2019la Carte \u00e9tkez\u00e9sen k\u00edv\u00fcl napi men\u00fcre is van lehet\u0151s\u00e9g, mindemellett hetente v\u00e1ltoz\u00f3 aj\u00e1nlattal is kedvesked\u00fcnk a hozz\u00e1nk bet\u00e9r\u0151 vend\u00e9geknek. F\u0151szak\u00e1csunk\u00a0nap mint nap azon dolgozik, hogy az \u00e9telek min\u00e9l h\u00e1ziasabbak \u00e9s eg\u00e9szs\u00e9gesebbek legyenek, hogy mindenki el\u00e9gedetten \u00e9s j\u00f3llakottan t\u00e1vozzon \u00e9s mihamarabb visszat\u00e9rjen \u00e9tterm\u00fcnkbe.<\/span><\/p>\n<p><span style=\"font-family: 'book antiqua', palatino, serif; color: #000000;\"> Fontosnak tartjuk, hogy kedves vend\u00e9geink a vars\u00e1nyi Feldolgoz\u00f3\u00fczem \u00e9s a k\u00f6rny\u00e9k helyi termel\u0151inek a port\u00e9k\u00e1ib\u00f3l is v\u00e1s\u00e1rolhassanak, hogy magukkal vigy\u00e9k a hagyom\u00e1nyos vid\u00e9ki \u00edzeket: lekv\u00e1rokat, t\u00e9szt\u00e1kat, savany\u00fas\u00e1gokat, sz\u00f6rp\u00f6ket, gy\u00f3gy \u00e9s f\u0171szern\u00f6v\u00e9nyeket.<\/span><\/p>\n<p><span style=\"font-family: 'book antiqua', palatino, serif; color: #000000;\">\u00c9tterm\u00fcnk adotts\u00e1gai lehet\u0151v\u00e9 teszik lakodalmak megrendez\u00e9s\u00e9t, hangulatos c\u00e9ges \u00f6sszej\u00f6vetelek lebonyol\u00edt\u00e1s\u00e1t, csal\u00e1di \u00e9s bar\u00e1ti rendezv\u00e9nyek megtart\u00e1s\u00e1t. Ig\u00e9nyekt\u0151l f\u00fcgg\u0151en ak\u00e1r 90 f\u0151ig. A vacsora mell\u00e9 k\u00eds\u00e9r\u0151 rendezv\u00e9nyeket aj\u00e1nlunk: bork\u00f3stol\u00f3t, \u00e9l\u0151zen\u00e9t\u2026Hissz\u00fck, hogy ebben az \u00faj \u00e9s kellemes k\u00f6rnyezetben az udvarias kiszolg\u00e1l\u00e1son \u00e9s a finom \u00e9teleken kereszt\u00fcl \u00faj alapokra tudjuk helyezni a min\u0151s\u00e9gi vend\u00e9gl\u00e1t\u00e1s fogalm\u00e1t N\u00f3gr\u00e1d megye egyik legszebb telep\u00fcl\u00e9s\u00e9n.<\/span><\/p>\n<p><span style=\"font-family: 'book antiqua', palatino, serif; color: #000000;\">R\u00e9szletek\u00e9rt h\u00edvjanak a <strong>32-387-015-<\/strong>\u00f6s telefonsz\u00e1mon!<\/span><\/p>\n<p><span style=\"font-family: 'book antiqua', palatino, serif; color: #000000;\">Aktu\u00e1lis, friss inform\u00e1ci\u00f3k\u00e9rt keressenek minket a\u00a0<a style=\"color: #000000;\" href=\"https:\/\/www.facebook.com\/hataretterem?ref=hl\" target=\"_blank\" rel=\"noreferrer noopener\">Facebookon<\/a>!<\/span><\/p>\n<p><span style=\"font-family: 'book antiqua', palatino, serif; color: #000000;\">Tisztelettel:<\/span><\/p>\n<p><span style=\"font-family: 'book antiqua', palatino, serif; color: #000000;\"><strong>Barczi Bal\u00e1zs<\/strong><\/span><\/p>\n<p><span style=\"font-family: 'book antiqua', palatino, serif; color: #000000;\"><em>\u00fcgyvezet\u0151<\/em><\/span><\/p>\n","protected":false},"excerpt":{"rendered":"<p>Kedves \u00c9rdekl\u0151d\u0151k! N\u00f3gr\u00e1d megye sz\u00edv\u00e9ben, csod\u00e1latos term\u00e9szeti k\u00f6rnyezetben, a m\u00faltat id\u00e9z\u0151 eml\u00e9kekkel, a helyi gasztron\u00f3mia k\u00fcl\u00f6nleges pal\u00f3c \u00edzeivel, az autentikus&hellip;<\/p>\n","protected":false},"author":1,"featured_media":0,"parent":0,"menu_order":0,"comment_status":"closed","ping_status":"closed","template":"","meta":[],"_links":{"self":[{"href":"https:\/\/www.varsanyirozmaring.hu\/index.php?rest_route=\/wp\/v2\/pages\/9"}],"collection":[{"href":"https:\/\/www.varsanyirozmaring.hu\/index.php?rest_route=\/wp\/v2\/pages"}],"about":[{"href":"https:\/\/www.varsanyirozmaring.hu\/index.php?rest_route=\/wp\/v2\/types\/page"}],"author":[{"embeddable":true,"href":"https:\/\/www.varsanyirozmaring.hu\/index.php?rest_route=\/wp\/v2\/users\/1"}],"replies":[{"embeddable":true,"href":"https:\/\/www.varsanyirozmaring.hu\/index.php?rest_route=%2Fwp%2Fv2%2Fcomments&post=9"}],"version-history":[{"count":5,"href":"https:\/\/www.varsanyirozmaring.hu\/index.php?rest_route=\/wp\/v2\/pages\/9\/revisions"}],"predecessor-version":[{"id":868,"href":"https:\/\/www.varsanyirozmaring.hu\/index.php?rest_route=\/wp\/v2\/pages\/9\/revisions\/868"}],"wp:attachment":[{"href":"https:\/\/www.varsanyirozmaring.hu\/index.php?rest_route=%2Fwp%2Fv2%2Fmedia&parent=9"}],"curies":[{"name":"wp","href":"https:\/\/api.w.org\/{rel}","templated":true}]}}